e 81279980?
True
Is 9 a factor of 17973675?
True
Is 117 a factor of 2909424?
False
Does 10 divide 5057761?
False
Does 58 divide 82984154?
False
Is 320295883 a multiple of 92?
False
Does 9 divide 634111771?
False
Is 117 a factor of 115562970?
False
Does 13 divide 858179342?
False
Is 101116995 a multiple of 12?
False
Does 31 divide 89533363?
True
Is 226 a factor of 189122708?
False
Is 1357482355 a multiple of 1180?
False
Does 15 divide 111483960?
True
Does 7 divide 752397875?
False
Does 8771 divide 2720202856?
True
Is 24073216 a multiple of 38?
False
Is 29 a factor of 170817163?
True
Is 35 a factor of 88971190?
True
Does 783 divide 252554301?
True
Is 1135217035 a multiple of 29?
True
Is 568501458 a multiple of 31?
False
Is 928258753 a multiple of 20?
False
Is 600641170 a multiple of 1354?
True
Is 15 a factor of 8130130?
False
Is 258409472 a multiple of 818?
True
Is 182299848 a multiple of 4?
True
Is 925261889 a multiple of 1106?
False
Is 224 a factor of 1096029088?
True
Is 2 a factor of 8379982?
True
Is 115190730 a multiple of 1007?
True
Is 45 a factor of 51728666?
False
Is 13 a factor of 31398909?
False
Does 7 divide 690168934?
True
Is 11 a factor of 1629548243?
False
Is 331 a factor of 2394611?
False
Does 31 divide 392088?
True
Is 8177078 a multiple of 502?
True
Is 93564403 a multiple of 2032?
False
Does 853 divide 1257485502?
False
Is 129524597 a multiple of 73?
False
Does 982 divide 23162434?
True
Is 14 a factor of 69674586?
False
Does 117 divide 84014424?
True
Is 20 a factor of 273410400?
True
Is 400477301 a multiple of 856?
False
Is 951 a factor of 954295624?
False
Does 208 divide 42599234?
False
Is 6 a factor of 4790502?
True
Is 11 a factor of 43670088?
True
Is 58 a factor of 1173962575?
False
Is 42157584 a multiple of 1008?
True
Is 9953404 a multiple of 356?
True
Does 59 divide 988358147?
True
Is 54 a factor of 112220316?
True
Is 386 a factor of 36421416?
True
Is 17 a factor of 2059481541?
True
Is 850 a factor of 156540520?
False
Is 2982210 a multiple of 22?
True
Is 25784450 a multiple of 25?
True
Is 68487013 a multiple of 1477?
True
Is 1557 a factor of 11828529?
True
Is 12919557 a multiple of 7?
True
Does 287 divide 12669041?
True
Does 21 divide 25592079?
False
Is 6 a factor of 8751948?
True
Does 338 divide 286369465?
False
Is 43 a factor of 56433803?
False
Is 319 a factor of 176946748?
True
Is 23176041 a multiple of 21?
True
Is 137021569 a multiple of 24?
False
Is 18 a factor of 1479575532?
False
Is 84 a factor of 274089480?
True
Is 1032 a factor of 120125826?
False
Is 1591159628 a multiple of 3371?
False
Is 11 a factor of 21875458?
True
Is 20718234 a multiple of 3?
True
Is 5 a factor of 10644930?
True
Does 16 divide 1445166270?
False
Is 39986680 a multiple of 680?
False
Is 440 a factor of 18390240?
True
Is 15 a factor of 1352822219?
False
Is 232 a factor of 3241040?
True
Is 115 a factor of 438250271?
False
Is 270635932 a multiple of 22?
False
Does 49 divide 1717783377?
False
Is 1861641516 a multiple of 106?
False
Does 112 divide 35640635?
False
Is 1770 a factor of 255559680?
True
Does 6 divide 21456846?
True
Is 281010955 a multiple of 2322?
False
Is 3160658400 a multiple of 480?
True
Does 7 divide 696020174?
False
Does 83 divide 1310038162?
False
Is 177035730 a multiple of 57?
True
Is 802678996 a multiple of 1517?
False
Does 918 divide 20887897?
False
Does 4 divide 39887957?
False
Is 2061 a factor of 28480934?
False
Does 136 divide 92847200?
True
Is 398 a factor of 39724862?
False
Is 1393 a factor of 80252192?
False
Does 5 divide 6736268?
False
Is 30 a factor of 573822420?
True
Does 2124 divide 53297532?
True
Is 552 a factor of 30019968?
True
Is 13224175 a multiple of 1979?
False
Is 3 a factor of 1496691?
True
Does 91 divide 16914751?
False
Does 58 divide 295469625?
False
Does 11 divide 15632649?
False
Does 44 divide 400408184?
True
Is 222 a factor of 29885640?
True
Is 30726645 a multiple of 695?
True
Is 1148728304 a multiple of 8?
True
Does 1762 divide 85202944?
False
Does 630 divide 197302140?
True
Is 23599081 a multiple of 60?
False
Is 135657600 a multiple of 40?
True
Is 5444 a factor of 160347576?
True
Does 12 divide 82191276?
True
Is 71147190 a multiple of 15?
True
Is 14701450 a multiple of 1283?
False
Does 1900 divide 6015400?
True
Does 22 divide 2898390?
True
Is 70 a factor of 214137630?
True
Does 4 divide 144307616?
True
Is 348 a factor of 7587096?
True
Does 19 divide 33032572?
False
Is 23 a factor of 13730646?
False
Is 84966336 a multiple of 7?
True
Does 448 divide 46824960?
True
Does 160 divide 53204160?
True
Does 4615 divide 155106959?
False
Is 146950517 a multiple of 426?
False
Is 239576425 a multiple of 2563?
True
Is 823207690 a multiple of 11?
False
Does 254 divide 5283083?
False
Is 3 a factor of 1186076?
False
Is 4172580 a multiple of 12?
True
Is 976 a factor of 26513183?
False
Does 138 divide 32261790?
False
Is 5492 a factor of 526792640?
True
Is 28 a factor of 107104105?
False
Is 787174148 a multiple of 4741?
False
Is 32163060 a multiple of 30?
True
Is 83 a factor of 71699742?
False
Is 11 a factor of 64823748?
True
Is 79349292 a multiple of 453?
True
Is 149 a factor of 54042449?
True
Is 3943 a factor of 61643544?
False
Does 30 divide 867604065?
False
Is 1652879 a multiple of 352?
False
Is 4 a factor of 2048377?
False
Is 8902971 a multiple of 13?
False
Does 145 divide 41725844?
False
Is 291333759 a multiple of 8?
False
Does 465 divide 955715430?
True
Does 816 divide 53716464?
True
Is 10 a factor of 5210632665?
False
Is 396517385 a multiple of 5407?
False
Is 92 a factor of 353964940?
True
Is 89943082 a multiple of 1251?
False
Is 52691307 a multiple of 3?
True
Does 214 divide 1511557970?
True
Is 5573403619 a multiple of 3105?
False
Is 14572440 a multiple of 90?
True
Is 492702310 a multiple of 578?
False
Is 804849722 a multiple of 20?
False
Is 9704907 a multiple of 3?
True
Is 60008403 a multiple of 1311?
True
Is 3929525100 a multiple of 28?
False
Is 29 a factor of 294643243?
False
Does 22 divide 2067962833?
False
Is 4 a factor of 14915838?
False
Is 564 a factor of 43008834?
False
Is 158848404 a multiple of 6?
True
Is 151 a factor of 6547581?
False
Is 1021 a factor of 2169111437?
True
Is 135 a factor of 424834?
False
Does 6857 divide 678529976?
False
Is 2 a factor of 3486774?
True
Does 77 divide 1157379531?
True
Is 1414 a factor of 51162762?
True
Is 2967322485 a multiple of 3440?
False
Is 210414124 a multiple of 1028?
True
Does 235 divide 1345269450?
False
Is 2378092 even?
True
Does 2130 divide 5703082?
False
Is 132 a factor of 8717795?
False
Is 881 a factor of 2274645090?
True
Is 136 a factor of 21621929?
False
Does 7027 divide 331077105?
True
Is 132 a factor of 20608187?
False
Is 121 a factor of 7112675?
False
Is 6 a factor of 737881?
False
Is 4003150957 a multiple of 78?
False
Is 161931243 a multiple of 1083?
True
Is 19667596 a multiple of 52?
True
Does 41 divide 1626124277?
False
Does 992 divide 417869102?
False
Is 1553371170 a multiple of 3?
True
Is 10 a factor of 256206116?
False
Does 3326 divide 629568562?
True
Is 2 a factor of 3329390?
True
Does 12 divide 317241936?
True
Does 81 divide 162029518?
False
Is 103 a factor of 28913564?
False
Does 486 divide 241715492?
False
Is 17 a factor of 1824247966?
False
Does 8 divide 734709191?
False
Does 112 divide 3708064640?
True
Does 33 divide 75765971?
False
Is 10615850 a multiple of 41?
False
Is 94633930 a multiple of 10?
True
Is 364710 a multiple of 30?
True
Is 585 a factor of 55978650?
True
Is 177137620 a multiple of 68?
True
Is 199 a factor of 100616595?
False
Is 105 a factor of 194540165?
False
Does 360 divide 62459640?
True
Does 50 divide 172103926?
False
Is 4106 a factor of 1737548338?
True
Is 138 a factor of 96552928?
False
Does 64 divide 110082816?
True
Does 2118 divide 58161016?
False
Does 2490 divide 3673434750?
True
Is 799 a factor of 788748274?
False
Is 216875573 a multiple of 14?
False
Is 1309145536 a multiple of 5383?
False
Does 51 divide 13156215?
True
Is 2427765 a multiple of 5?
True
Does 81 divide 71128190?
False
Is 809694732 a multiple of 3444?
True
Does 4 divide 1333744?
True
Is 188 a factor of 244736076?
False
Is 1678480 a multiple of 4?
True
Does 10 divide 45828522?
False
Is 31 a factor of 331550?
False
Is 259126752 a multiple of 318?
True
Does 323 